{"id":92,"date":"2026-01-26T12:47:34","date_gmt":"2026-01-26T11:47:34","guid":{"rendered":"https:\/\/naszasala.org\/?page_id=92"},"modified":"2026-01-26T12:47:34","modified_gmt":"2026-01-26T11:47:34","slug":"wladze-fundacji","status":"publish","type":"page","link":"https:\/\/naszasala.org\/?page_id=92","title":{"rendered":"W\u0142adze Fundacji"},"content":{"rendered":"\n<ol class=\"wp-block-list\">\n<li>Jedynym obowi\u0105zkowym organem Fundacji jest Zarz\u0105d Fundacji.<\/li>\n\n\n\n<li>Zarz\u0105d Fundacji sk\u0142ada si\u0119 z jednej do trzech os\u00f3b powo\u0142ywanych i odwo\u0142ywanych przez<br>fundator\u00f3w za\u0142o\u017cycieli.<\/li>\n\n\n\n<li>Kadencja zarz\u0105du trwa pi\u0119\u0107 lat kalendarzowych.<\/li>\n\n\n\n<li>W sk\u0142ad Pierwszego Zarz\u0105du Fundacji wchodz\u0105:<\/li>\n<\/ol>\n\n\n\n<p>Tomasz Michalczuk \u2013 Prezes Zarz\u0105du<\/p>\n\n\n\n<p>Krzysztof Kulasza \u2013 Cz\u0142onek Zarz\u0105du<\/p>\n\n\n\n<p><\/p>\n","protected":false},"excerpt":{"rendered":"<p>Tomasz Michalczuk \u2013 Prezes Zarz\u0105du Krzysztof Kulasza \u2013 Cz\u0142onek Zarz\u0105du<\/p>\n","protected":false},"author":1,"featured_media":0,"parent":0,"menu_order":0,"comment_status":"closed","ping_status":"closed","template":"","meta":{"_coachify_sidebar_layout":"","footnotes":""},"class_list":["post-92","page","type-page","status-publish","hentry","image-hover-transition-effect"],"_links":{"self":[{"href":"https:\/\/naszasala.org\/index.php?rest_route=\/wp\/v2\/pages\/92","targetHints":{"allow":["GET"]}}],"collection":[{"href":"https:\/\/naszasala.org\/index.php?rest_route=\/wp\/v2\/pages"}],"about":[{"href":"https:\/\/naszasala.org\/index.php?rest_route=\/wp\/v2\/types\/page"}],"author":[{"embeddable":true,"href":"https:\/\/naszasala.org\/index.php?rest_route=\/wp\/v2\/users\/1"}],"replies":[{"embeddable":true,"href":"https:\/\/naszasala.org\/index.php?rest_route=%2Fwp%2Fv2%2Fcomments&post=92"}],"version-history":[{"count":1,"href":"https:\/\/naszasala.org\/index.php?rest_route=\/wp\/v2\/pages\/92\/revisions"}],"predecessor-version":[{"id":94,"href":"https:\/\/naszasala.org\/index.php?rest_route=\/wp\/v2\/pages\/92\/revisions\/94"}],"wp:attachment":[{"href":"https:\/\/naszasala.org\/index.php?rest_route=%2Fwp%2Fv2%2Fmedia&parent=92"}],"curies":[{"name":"wp","href":"https:\/\/api.w.org\/{rel}","templated":true}]}}