{"id":70,"date":"2026-01-26T12:04:36","date_gmt":"2026-01-26T11:04:36","guid":{"rendered":"https:\/\/naszasala.org\/?page_id=70"},"modified":"2026-01-26T12:04:36","modified_gmt":"2026-01-26T11:04:36","slug":"realizacja-celow-statutowych-fundacji-nasza-sala","status":"publish","type":"page","link":"https:\/\/naszasala.org\/?page_id=70","title":{"rendered":"Realizacja Cel\u00f3w Statutowych Fundacji Nasza Sala"},"content":{"rendered":"\n<p>              <em> \u00a7 5. Realizacja cel\u00f3w<\/em><\/p>\n\n\n\n<ol class=\"wp-block-list\">\n<li>Dla realizacji cel\u00f3w statutowych Fundacja mo\u017ce tworzy\u0107 oddzia\u0142y, filie, przedstawicielstwa oraz<br>przyst\u0119powa\u0107 do innych organizacji o podobnych celach.<\/li>\n\n\n\n<li>Organizacja warsztat\u00f3w, spotka\u0144, szkole\u0144, webinar\u00f3w, grup wsparcia oraz innych form pomocy<br>w tym w szczeg\u00f3lno\u015bci organizowanych w siedzibie fundacji. .<\/li>\n\n\n\n<li>Prowadzenie strony internetowej, profili w mediach spo\u0142eczno\u015bciowych oraz tworzenie tre\u015bci<br>multimedialnych.<\/li>\n\n\n\n<li>Wsp\u00f3\u0142praca z instytucjami publicznymi, organizacjami pozarz\u0105dowymi, \u015brodowiskami<br>akademickimi, jednostkami samorz\u0105du terytorialnego i innymi podmiotami w zakresie obj\u0119tym<br>celami Fundacji.<\/li>\n\n\n\n<li>Prowadzenie dzia\u0142a\u0144 fundraisingowych,\/ zbi\u00f3rki publiczne i internetowe w tym np. na \u201ezrzutka.pl<br>, \u201epomagam.pl , \u201esi\u0119 pomaga.pl\u201d oraz zbi\u00f3rki zarejestrowane w portalu \u201ezbiorki.gov\u201doraz inne\/<br>zbi\u00f3rek publicznych , kampanii promocyjnych.<\/li>\n\n\n\n<li>Aplikowanie o dotacje krajowe i zagraniczne, w tym UE i PFRON.<\/li>\n\n\n\n<li>Pozyskiwanie \u015brodk\u00f3w finansowych na dzia\u0142alno\u015b\u0107 statutow\u0105 poprzez darowizny, dotacje,<br>subwencje, granty, zbi\u00f3rki publiczne oraz inne dozwolone prawem \u017ar\u00f3d\u0142a.<\/li>\n\n\n\n<li>Pozyskiwanie darczy\u0144c\u00f3w indywidualnych poprzez regularne wp\u0142aty.<\/li>\n\n\n\n<li>Wsp\u00f3\u0142praca z firmami\/sponsorami np. lokalne firma funduje sprz\u0119t szkolenie lub event.<\/li>\n\n\n\n<li>Organizacja wydarze\u0144 charytatywnych np. koncerty, aukcje , biegi, licytacje.<\/li>\n\n\n\n<li>Kampanie mailingowe, sms, social media (proszenie o wsparcie i informacje o celach).<\/li>\n\n\n\n<li>Sprzeda\u017c cegie\u0142ek np. symbolicznych przedmiot\u00f3w lub certyfikat\u00f3w za darowizn\u0119 (ale nie jako<br>forma sprzeda\u017cy towaru).<\/li>\n\n\n\n<li>Promocj\u0119 dzia\u0142a\u0144 Fundacji poprzez media tradycyjne i internetowe . Propagowanie dzia\u0142alno\u015bci<br>fundacji w telewizji publicznej i radiu publicznym.<br>14.Prowadzenie live na TikTok na profilu \u201eNasza Sala\u201d<\/li>\n\n\n\n<li>Tworzenie materia\u0142\u00f3w edukacyjnych oraz ich rozpowszechnianie w social media jako<br>\u201eNasza Sala.\u201d<\/li>\n\n\n\n<li>Fundacja mo\u017ce zatrudnia\u0107 pracownik\u00f3w i korzysta\u0107 z pracy wolontariuszy i wsp\u00f3\u0142pracowa\u0107 z<br>osobami fizycznymi i prawnymi.<\/li>\n\n\n\n<li>Fundacja mo\u017ce ustanawia\u0107 odznaki, medale honorowe i przyznawa\u0107 je wraz z innymi<br>nagrodami osobom fizycznym, prawnym i jednostkom organizacyjnym, zas\u0142u\u017conych dla realizacji<br>cel\u00f3w Fundacji i jej dzia\u0142alno\u015bci.<\/li>\n\n\n\n<li>Udzia\u0142 w projektach krajowych i zagranicznych zbie\u017cnych z celami Fundacji.<\/li>\n\n\n\n<li>Propagowanie dzia\u0142alno\u015bci Fundacji w telewizji publicznej i radiu publicznym.<\/li>\n<\/ol>\n\n\n\n<p><\/p>\n","protected":false},"excerpt":{"rendered":"<p>\u00a7 5. Realizacja cel\u00f3w<\/p>\n","protected":false},"author":1,"featured_media":0,"parent":11,"menu_order":2,"comment_status":"closed","ping_status":"closed","template":"","meta":{"_coachify_sidebar_layout":"","footnotes":""},"class_list":["post-70","page","type-page","status-publish","hentry","image-hover-transition-effect"],"_links":{"self":[{"href":"https:\/\/naszasala.org\/index.php?rest_route=\/wp\/v2\/pages\/70","targetHints":{"allow":["GET"]}}],"collection":[{"href":"https:\/\/naszasala.org\/index.php?rest_route=\/wp\/v2\/pages"}],"about":[{"href":"https:\/\/naszasala.org\/index.php?rest_route=\/wp\/v2\/types\/page"}],"author":[{"embeddable":true,"href":"https:\/\/naszasala.org\/index.php?rest_route=\/wp\/v2\/users\/1"}],"replies":[{"embeddable":true,"href":"https:\/\/naszasala.org\/index.php?rest_route=%2Fwp%2Fv2%2Fcomments&post=70"}],"version-history":[{"count":2,"href":"https:\/\/naszasala.org\/index.php?rest_route=\/wp\/v2\/pages\/70\/revisions"}],"predecessor-version":[{"id":81,"href":"https:\/\/naszasala.org\/index.php?rest_route=\/wp\/v2\/pages\/70\/revisions\/81"}],"up":[{"embeddable":true,"href":"https:\/\/naszasala.org\/index.php?rest_route=\/wp\/v2\/pages\/11"}],"wp:attachment":[{"href":"https:\/\/naszasala.org\/index.php?rest_route=%2Fwp%2Fv2%2Fmedia&parent=70"}],"curies":[{"name":"wp","href":"https:\/\/api.w.org\/{rel}","templated":true}]}}